e (5/(-2))/(3/(-6)). Calculate the highest common divisor of j and 35.
5
Let w = 5 + 22. Suppose -4*d + 5*z - 3*z = -30, 3*d = -3*z + w. Suppose -3*l = -0*s + s - 235, -70 = -l - 2*s. What is the highest common divisor of d and l?
8
Let w = 5 - -7. Suppose 0 = p + p - w. What is the highest common factor of p and 3?
3
Let u = -102 + 158. Let x be (u/10)/((-4)/(-70)). What is the greatest common divisor of x and 14?
14
Let r be (-4)/(-18) - (-284)/18. Suppose 0 = i - 2*t - 54, -2*t = 4*i - 4*t - 198. Calculate the greatest common factor of i and r.
16
Let s(k) = -k**3 + 7*k**2 - 5*k - 2. Let v be s(5). Let f be -2 + (-1 + -5 - 5). Let i = v + f. Calculate the greatest common divisor of i and 10.
10
Let g = 39 + 12. What is the highest common factor of g and 34?
17
Suppose 3*q - 97 = 4*x - 0*x, -4*q - 4*x = -148. Calculate the greatest common factor of q and 175.
35
Suppose 4*y - n - 59 = 2*n, 5 = -5*n. Calculate the highest common factor of y and 14.
14
Let o = -18 + 25. Suppose u = j + 6, 3*j - 48 + 10 = -5*u. Calculate the highest common divisor of u and o.
7
Suppose -5*l + 2*l - 12 = 0. Let u be l/12 + 308/6. Suppose -m = -0*m - u. What is the highest common factor of 34 and m?
17
Let a = 11 - -5. Calculate the highest common factor of a and 24.
8
Suppose 3*s = -4*w + 1, -3*s - 4*w = -5*s + 14. Let k(o) = -7*o - 16. Let q be k(-4). Calculate the highest common divisor of s and q.
3
Suppose 2*k - 3*j = 70, -5*j = 4*k - 153 - 31. What is the greatest common factor of 41 and k?
41
Suppose 9 = 3*t - 3*p, -5*p = -t - 2*p + 9. Suppose 2*b + t*b = 32. Suppose -4*o - 3 = -35. What is the highest common divisor of o and b?
8
Let r be (-2)/(-4) + (-56)/(-16). Suppose -3*a + 84 = r*a. What is the greatest common divisor of 6 and a?
6
Suppose 5*n = -4*t + 1051, -3*n = -3*t - 4*n + 791. Suppose 5*f - t = f. Calculate the highest common factor of 6 and f.
6
Let d be ((-300)/45)/(-1 + 4/6). What is the highest common divisor of d and 220?
20
Let n be 2/9 - 1060/(-90). Calculate the highest common factor of n and 132.
12
Let j(v) = -v**2 - 2*v + 23. Let x be j(0). Calculate the highest common divisor of 184 and x.
23
Let g be 15/((-14)/(-4) + -2). Suppose -2*f + 10 = 0, -f + 2*f = p. Calculate the highest common factor of p and g.
5
Suppose 4*d + 0 = 4*s - 272, -5*d = -20. Calculate the greatest common factor of 24 and s.
24
Let h = -274 - -389. What is the greatest common divisor of h and 23?
23
Suppose -s + 4*n + 16 = -2*s, -2*n = -5*s - 36. Let m = s - -13. Suppose 2*y - 27 - 25 = -5*z, y = m*z + 26. Calculate the highest common factor of y and 65.
13
Suppose 5*g = 3*o + 11 + 1651, 4*g - 1316 = -o. Calculate the highest common factor of 30 and g.
30
Suppose 0*w - 5*w - 25 = 5*c, -3*w - c - 5 = 0. Suppose -4*v + 3*v + 144 = w. Let r = v - 49. What is the greatest common divisor of 19 and r?
19
Let q(y) = -4*y - 10. Let f be q(-4). Calculate the greatest common factor of 15 and f.
3
Suppose -20 = -14*s + 13*s. Calculate the highest common factor of 180 and s.
20
Suppose 5*m + t - 4 = 34, -3*m + 14 = 5*t. Suppose 7 + 5 = 6*h. Suppose h*w + w = 48. Calculate the greatest common divisor of w and m.
8
Suppose x - 45 = -4*x. Let s(z) = z**2 - 6*z - 6. Let q be s(7). Let l be x*(1 + 0/q). Calculate the highest common divisor of l and 63.
9
Let r(p) = -3*p**3 - 2*p**2 + p + 2. Let f be r(-2). Let b(s) = -3*s + 37. Let k be b(7). What is the highest common divisor of k and f?
16
Suppose 3*l - 126 = -78. Calculate the highest common divisor of 112 and l.
16
Let u be (-2314)/(-10) + (-14)/35. What is the highest common divisor of u and 21?
21
Let y be (-3)/(-2) + 345/(-6). Let h be (-282)/(-7) - (-16)/y. What is the highest common divisor of h and 10?
10
Suppose 2*r - 10 = 4. Let k(x) = x**3 + 6*x**2 + 3*x - 2. Let j be k(-6). Let i = 41 + j. Calculate the highest common factor of r and i.
7
Let m be (-2)/2 + 12 + -5. Calculate the greatest common divisor of 9 and m.
3
Let n be (-810)/(-22) - 4/(-22). Let s be n/3 + 2/(-6). Suppose -2*y = -2*a - s, -4*a + 0 = 3*y - 39. What is the greatest common divisor of 3 and y?
3
Let f(h) = h**3 + 3*h**2 - 14*h - 9. Let p be f(-5). What is the greatest common factor of 55 and p?
11
Let w be -7*(-1 + 2)*(-8 - 5). Calculate the greatest common factor of 13 and w.
13
Suppose -3*g = 395 + 775. Let i be g/(-9) - 4/(-6). Calculate the greatest common divisor of i and 110.
22
Let m = 247 + -175. What is the greatest common factor of 36 and m?
36
Let a be -2 + 0 + 24/4. Suppose 3*x = 5*x + 5*m - 107, 0 = -a*x - 5*m + 239. What is the greatest common factor of 44 and x?
22
Let a(q) = q**2 + q + 12. Let b be a(0). Let s = -46 + 154. Calculate the greatest common divisor of s and b.
12
Let y(r) = 21*r. Let f be y(4). What is the highest common factor of 21 and f?
21
Let x = -12 + 18. Suppose -5 + x = g. Suppose 5*u = -4 + 24. Calculate the highest common divisor of g and u.
1
Let u be 2/2 + (2 - 3). Suppose 0 = -4*v - u*v + 88. What is the highest common factor of 33 and v?
11
Let f(i) = i**3 + 6*i**2 - 3*i. Let l be f(-3). Suppose -3*a = -l - 36. Let m(t) = 3*t**2 + 8*t. Let b be m(-6). What is the highest common factor of a and b?
12
Suppose 5*y + m = 299, 108 = -4*y + 5*m + 353. Calculate the greatest common divisor of y and 24.
12
Let a(y) = y**3 - y**2 - 2*y + 3. Let u be a(2). Suppose 2*l - 2*m - 112 = -0*l, -5*m + 168 = u*l. Calculate the highest common factor of 14 and l.
14
Let v = -15 + 41. Suppose v + 19 = 3*p. Calculate the highest common divisor of 5 and p.
5
Suppose 150 = 9*i - 93. Let j(p) = -9*p**3. Suppose -4*o - 3 = -o. Let z be j(o). What is the greatest common factor of z and i?
9
Suppose -x - 2*x = 0. Suppose 4*q - 2 = -10. Let h be 1 + q - (-71 + x). What is the greatest common factor of 10 and h?
10
Suppose -36 = -0*s - 3*s. Suppose -3*o + 2 = -7. Calculate the highest common divisor of o and s.
3
Let o = 29 + -18. What is the greatest common factor of 1 and o?
1
Let q(s) = s**2 - s + 8. Suppose 6*d = 4*d + 6. Let i be q(d). Calculate the highest common divisor of i and 84.
14
Let j(u) = -24*u**3 + 1. Let s be j(-1). What is the highest common divisor of s and 75?
25
Suppose 4*l - 3*l - 8 = 0. Calculate the greatest common divisor of 20 and l.
4
Suppose 0 = -2*z, -4*q - 3*z - z = -40. Suppose -4*s + 2*d = -106, 0*d = -4*s - d + 97. What is the highest common factor of q and s?
5
Let q(l) = -l**3 + 7*l**2 + l - 5. Let n be q(5). Suppose -n = -3*k - 11. Calculate the greatest common factor of k and 13.
13
Let h be -3 - (1 + 3 + -104). Suppose 5*a - h = 113. Calculate the highest common factor of a and 21.
21
Let i = 11 - 13. Let r be i*-1*66/4. Suppose c - 5*c = 0, -5*b + 55 = 3*c. What is the highest common factor of b and r?
11
Suppose -57*n = -59*n + 62. What is the greatest common divisor of 248 and n?
31
Suppose 5*o = -3*q + 50, q - o - 25 = -3. What is the highest common factor of q and 4?
4
Let f(u) = 15*u**2 - 1. Let j be f(1). Suppose -55 = j*k - 19*k. What is the greatest common factor of k and 55?
11
Let g = 130 - 9. Calculate the highest common divisor of g and 11.
11
Suppose 4*n + 5*b - 172 = 0, 2*b - 17 - 23 = -n. Suppose -k = k - n. Calculate the highest common divisor of 6 and k.
6
Let r(x) = 7*x - 89. Let p be r(21). What is the highest common divisor of 2 and p?
2
Let d(y) = -y**2 + 10*y + 5. Suppose r + 2*r = 27. Let m be d(r). What is the greatest common divisor of m and 35?
7
Let d be -1 + 0 + 18/2. Suppose 0 = 2*x - 0*x - 4. Suppose g - 21 = -3*o, 1 + 0 = x*o + 5*g. Calculate the greatest common factor of d and o.
8
Let t(w) = 2*w**2 + 8*w - 2. Let l be t(-7). What is the greatest common divisor of l and 20?
20
Let d = 126 - 90. Let m = d + -20. What is the highest common factor of 40 and m?
8
Suppose 0*i = -3*i. Suppose i*w + 2*w - 14 = 0. Let o be (7/(-5))/((-4)/20). What is the highest common divisor of o and w?
7
Let n be 6/(-21) - 284/(-14). Calculate the greatest common factor of n and 8.
4
Let b(f) be the second derivative of -3*f**3/2 + f**2 - 2*f. Let a be b(-6). Let u(h) = h + 4. Let r be u(3). What is the highest common divisor of r and a?
7
Suppose 3*f - 7 = -2*n, 2*n = 4*f - 0*f - 14. Let d be (0/f)/(-4) + 33. What is the greatest common divisor of 11 and d?
11
Let f(z) = 15*z +